be the first derivative of 3 - 1/2*g**c + 2*g. Determine q(-5).
7
Suppose -5 = p - 7. Let z(j) = -4*j - 7 + 5*j + p*j - j. Give z(8).
9
Let w(s) = s + 7. Let z = 50 + -14. Let d be 15*4/z*-3. Determine w(d).
2
Let d(x) be the second derivative of x**4/12 + 5*x**3/3 + 3*x**2 - 80*x. What is d(0)?
6
Let j(n) = 5*n**3 - 6*n**2 + n + 1. Let i(h) = 6*h**3 - 7*h**2 + 2*h + 1. Let q(f) = 4*i(f) - 5*j(f). Let u = -1169 - -1172. Determine q(u).
-1
Let v(f) = -f**2 + 4*f + 1. Let t be v(3). Suppose -t*c = -5 - 11. Let s(q) be the first derivative of q**3/3 - 2*q**2 - 2*q - 8. Give s(c).
-2
Let b(n) = -7*n**2 - 9*n - 7. Let a(g) = -3*g**2 - 4*g - 3. Let o(u) = -9*a(u) + 4*b(u). Let m(c) = -2*c**2 + 5*c - 3. Let l(p) = -m(p) + 3*o(p). Give l(-5).
0
Let s(m) = -m + 5. Let w = 20 + -17. Suppose -w*k + 58 = -0*r - r, 4*k = -2*r + 74. Let x = k - 14. Determine s(x).
0
Let n(y) be the second derivative of -y**3/6 + y**2/2 - y. Suppose 229*m - 234*m = 0. Suppose 17*b - 13 - 38 = m. Calculate n(b).
-2
Let m(d) = -2*d**3 + 8*d**2 + 11*d + 13. Let v(k) = k**3 - 4*k**2 - 6*k - 7. Let a(g) = -3*m(g) - 5*v(g). Let r = -370 + 374. What is a(r)?
-16
Let c(n) be the third derivative of -5*n**4/24 - n**3/6 + 13*n**2. Let s be c(-1). Let u(p) = -5*p + 6*p + 0*p. What is u(s)?
4
Let c = 28 - 23. Let o(w) be the first derivative of -w**4/4 + 7*w**3/3 - 5*w**2/2 - 3*w - 7. What is o(c)?
22
Suppose -7 = -5*k + 33. Suppose -4*i = 3*m - k - 1, m - 3 = -i. Let w(v) be the second derivative of v**4/12 - v**3/3 - v**2/2 - v. Give w(m).
2
Let v be (4 - 1) + (-7 - -4). Let z(s) = -12 - s + 4*s**3 - s - 3*s - s. Let h(m) = -m**3 + m. Let o(n) = -5*h(n) - z(n). Give o(v).
12
Let y(p) be the second derivative of -p**3 - 15*p**2/2 + 2*p - 174. Give y(-7).
27
Suppose -651*n + 658*n = 7. Let r(a) = a**2 + 3. Let j(t) = 5*t**2 + 13. Let x(v) = -4*j(v) + 18*r(v). Let o(c) be the first derivative of x(c). Calculate o(n).
-4
Let z(m) = 297*m**2 + 4*m - 97*m**2 - 96*m**2 - 105*m**2 + 6. Determine z(6).
-6
Let g(t) = t + 17. Let f be g(-7). Let z(j) = -2*j**3 + 3*j + 0*j**3 - f + j**3 + 8. Calculate z(2).
-4
Let i = 36 + -21. Let j = i - 6. Let b(v) = -j*v + v**2 + 19*v - 11*v. Give b(2).
2
Let l(p) = -7*p - 1. Let u = -251 + 252. What is l(u)?
-8
Let o(p) be the second derivative of -5*p**3/6 + 3*p**2 - 113*p. Calculate o(7).
-29
Let l(u) = -20*u**2 - 55*u - 18. Let j(c) = -7*c**2 - 19*c - 6. Let m(y) = -17*j(y) + 6*l(y). Determine m(-7).
-6
Suppose n + 13 = 3*w, -2*w - 4*n - n + 20 = 0. Suppose w*j + 20 = 2*m - 7, -m - 4 = j. Let k(y) = -m + y + 0*y + 0 + 2. What is k(-6)?
-5
Let u = 635 + -640. Let h(z) = z**3 + 5*z**2 - 2*z + 1. What is h(u)?
11
Let x be -4*(-15)/12*7/5. Let w(q) = q**2 - 2*q - 7. Determine w(x).
28
Let h(q) = 7*q**2 - q - 3. Let j(k) = 15*k**2 - 2*k - 6. Let y(v) = 13*h(v) - 6*j(v). Let d(w) = -33*w + 15*w + 17*w. Let i be d(-3). Give y(i).
3
Let n(i) = i + 6. Suppose 3*t + 3*z - 18 = 27, 3*z = -t + 15. Suppose 0 = -3*u + c - t, -c = -3*u + 4*c - 3. What is n(u)?
0
Let s(l) = l**3 - 9*l**2 - 7*l + 10. Let h(y) = -2*y**3 + 13*y**2 - 16*y - 6. Let u be h(4). Calculate s(u).
40
Suppose -5*g = -w + 2, 3*g + 6*w + 15 = 2*w. Let c(d) be the first derivative of 3*d**3 - d**2 - d + 6. Give c(g).
10
Let p = -314 + 319. Let h(r) = 3*r - 3. Determine h(p).
12
Let r be 2/(-8) - (-13)/4. Let h(s) = 2*s**2 + 268*s - 540*s + 271*s + 3. Determine h(r).
18
Suppose h + 45 = -4*h. Let l = h + 11. Suppose -g + 15 = l*g. Let v(y) = y - 11. Give v(g).
-6
Suppose 0 = -0*h - 4*h + 24. Let i(z) = 0*z + 2*z + 4*z - 3 - 3*z - 2*z. Give i(h).
3
Let f(d) = 14*d**3 + 4*d**2 - 5*d + 3. Let g(x) = 28*x**3 + 7*x**2 - 9*x + 6. Let y(q) = -5*f(q) + 3*g(q). Let n be y(2). Let k(r) = 115 - n - r**2. Give k(-2).
-4
Let s(j) be the first derivative of j**4/4 + 7*j**3/3 - 7*j**2/2 + 7*j - 48. Determine s(-8).
-1
Let l(i) be the second derivative of -5*i**3/3 + 53*i**2/2 + 6*i - 5. Determine l(6).
-7
Let y(n) = 5*n - 675 - 2*n**2 - 681 + 1346. Determine y(3).
-13
Let k(c) = -c**2 + 10*c - 6. Let t(x) = x**2 + 6*x - 36. Let a be t(-10). Give k(a).
18
Suppose 0 = z - 2*d + 7, 5*d - 13 = z + 3*z. Let n be -11 + 3 + 1 + z. Let m(j) = -2 + 2*j - 3*j + 2*j. Determine m(n).
-6
Let m(k) = -k**3 + 3*k + 7*k - 1 - 5 + 9*k**2. Let v be m(10). Let d(i) = -i - 4. Calculate d(v).
2
Let m(g) = 7 - 3*g - 4*g - g**2 - 1 - 1. Let q be m(-7). Let l(y) = -q*y - y**2 + 2*y**2 - 1 - 5 - 2*y. Give l(8).
2
Let l = -261 + 258. Let t(i) be the first derivative of -1/4*i**4 + 0*i**2 + 2 - 2/3*i**3 - 3*i. Give t(l).
6
Let n(x) = x - 5. Suppose -48 = 15*d - 3. What is n(d)?
-8
Suppose -3*h - 282 = 5*s, -4*s - 20 = -8. Let x = h - -97. Let d(n) = -2*n + 10. Give d(x).
-6
Suppose -3 - 5 = -h. Let t(m) = -2*m - 42. Let x(v) = -9*v - 166. Let d(q) = 4*t(q) - x(q). Calculate d(h).
6
Let c(u) = -u - 4. Let x(k) = -2*k**2 + 19*k - 5. Let d be x(8). Let j = -22 + d. Determine c(j).
-1
Let t(b) be the second derivative of -1/2*b**2 + 0 - 1/6*b**3 + 3*b. Let d = 73 + -80. Calculate t(d).
6
Suppose 6*m - 2*m - 3*w = -25, 9 = -2*m + 5*w. Let a(o) = -o**2 - 11*o + 9. What is a(m)?
37
Let c(d) = 2*d**3 - 28*d**2 + 11*d + 17. Let k(j) = j**3 - 13*j**2 + 6*j + 9. Let t(s) = 2*c(s) - 5*k(s). Calculate t(8).
-11
Suppose -m = -3 - 0. Suppose 0 = -4*r - 12, 0 = -4*v - 2*r + 1 + 5. Let c(s) = 1 - v - 2*s**2 + 6*s + s**2 + 0*s**2. Determine c(m).
7
Let h(d) = 7*d**2 - 4*d + 2. Let j be h(2). Let i = j - 22. Suppose 5*w - w + 24 = i. Let s(t) = -t**3 - 6*t**2 - t + 1. What is s(w)?
7
Let z(b) be the third derivative of 0*b - 1/24*b**4 + 2*b**2 + 0 + 1/3*b**3. Give z(8).
-6
Let k(i) = -i**2 + 27*i + 57. Let g be (87/2)/(-15*(-11)/110). Calculate k(g).
-1
Suppose -31*z + 312 = -27*z. Let k(r) = 2*r**2 + z + r - 79 - 5*r**2. Let v be ((-1)/(-2))/(2/4). What is k(v)?
-3
Let g(n) = 0*n**2 + 5 - 6 + n**2 - 10*n - 9 + 0*n**2. Calculate g(10).
-10
Let m(y) be the second derivative of -9/2*y**2 - 5/6*y**3 + 0 - 19*y. Determine m(-6).
21
Let t(r) = 4*r + 4*r - 3 + 1 + 15. Let k(d) = -7*d - 12. Let w(g) = -4*k(g) - 3*t(g). Let z = -5 - 1. What is w(z)?
-15
Let a(q) = 2*q**2 + q - 3. Let g(s) = -9*s**2 + 11*s + 23. Let i(f) = -6*a(f) - g(f). Determine i(-5).
5
Let c(x) be the second derivative of -x**6/120 + x**5/60 - x**4/24 - 11*x**3/6 + 3*x**2 - 20*x. Let v(j) be the first derivative of c(j). Determine v(0).
-11
Let h(c) = 4*c**2 + 2*c - 1 + 7*c**2 + 0*c**2 - 13*c**2 + c**3. What is h(1)?
0
Let y(m) = -13*m + 1. Let x = -20 + 17. Let o be ((-8)/6)/(-4)*x. Determine y(o).
14
Let g(r) be the first derivative of 3*r**2/2 - 7*r - 457. Determine g(8).
17
Let o(y) = -y**2 + 12*y + 5. Suppose 0 = 16*k - 20*k + 48. Give o(k).
5
Let c(q) be the second derivative of 1/6*q**3 + 9/2*q**2 + 7*q + 0. What is c(-8)?
1
Let j(n) = n + 3. Let u be j(-6). Let p(f) = -6*f**2 + 2*f + 5. Let s(g) = g**2 - g - 1. Let y = -8 - -9. Let k(m) = y*p(m) + 4*s(m). Determine k(u).
-11
Suppose 0 = -3*w - 10 - 5. Let y(n) be the third derivative of 66*n**2 - 1/120*n**6 - 1/6*n**4 + 0*n + 0 + 5/6*n**3 - 1/10*n**5. What is y(w)?
0
Suppose -3*v - 2*g + 21 = 3*g, -4*v = -4*g - 28. Let z(k) = -k + 19. What is z(v)?
12
Suppose 2*i + 48 = 6*i. Let o = i - 7. Let b(n) = 3*n**2 + 3*n + 11. Let l(k) = 2*k**2 + k + 6. Let w(r) = -3*b(r) + 5*l(r). What is w(o)?
2
Suppose 4*y = 2 + 6. Let s(z) = -y*z**3 + 3*z**3 - 2*z**2 + 3 - z**2 - z**2. Let v be s(3). Let h(n) = -n**3 - 6*n**2 - n. Calculate h(v).
6
Let g(u) = -u + 3. Let n be 4/(-8) - 5/(-10). Let d(q) = -q - 2. Let w be d(n). Let x(o) = -1. Let l(s) = w*g(s) - 10*x(s). Determine l(-3).
-2
Suppose 25*p - 17 = 24*p + 5*h, 5*h = 4*p - 23. Let v(j) be the third derivative of 0 - p*j**2 + 11/6*j**3 + 1/60*j**5 + 1/24*j**4 + 0*j. What is v(0)?
11
Let p(d) = 6*d + 1. Let v(s) = -36*s - 6. Let y(g) = -5*p(g) - v(g). Determine y(3).
19
Let j(h) = 5*h + 1. Let b(x) = -4*x - 6. Let q(u) = -3*u - 5. Let y(s) = -5*b(s) + 6*q(s). Let n(p) = 3*j(p) - 7*y(p). What is n(-9)?
-6
Suppose 0 = -3*o + 20 - 5. Suppose -4*p - 135 = o*m, -5*m - p = -2*m + 74. Let r = -18 - m. Let w(l) = -l + 1. Determine w(r).
-4
Let b(p) = p**2 - 2*p - 2. Let y be b(3). Let j be -2*(-2 - -1)*y. Let k(c) = 0*c**3 + 6 - c**3 - 8. Give k(j).
-10
Let r(i) = 13*i**2 - 2*i + 1 + 0*i - 5*i**2 - 17*i**2. D